/home/bdqbpbxa/access-logs/karlstorz-events.goodface.com.ua-ssl_log
185.156.42.209 - - [08/Nov/2025:07:44:07 -0500] "POST /wp-cron.php?doing_wp_cron=1762605847.9003860950469970703125 HTTP/1.1" 200 0 "https://karlstorz-events.goodface.com.ua/wp-cron.php?doing_wp_cron=1762605847.9003860950469970703125" "WordPress/5.7.14; https://karlstorz-events.goodface.com.ua"
107.189.30.207 - - [08/Nov/2025:07:44:07 -0500] "GET /wp-login.php HTTP/1.1" 200 3212 "https://www.yahoo.com/" "Mozilla/5.0 (Windows NT 10.0; Win64; x64; rv:120.0) Gecko/20100101 Firefox/120.0"
185.156.42.209 - - [08/Nov/2025:07:44:08 -0500] "GET / HTTP/1.1" 200 1576 "https://karlstorz-events.goodface.com.ua/" "WordPress/5.7.14; https://karlstorz-events.goodface.com.ua"
185.156.42.209 - - [08/Nov/2025:07:45:09 -0500] "POST /wp-cron.php?doing_wp_cron=1762605909.1166911125183105468750 HTTP/1.1" 200 0 "https://karlstorz-events.goodface.com.ua/wp-cron.php?doing_wp_cron=1762605909.1166911125183105468750" "WordPress/5.7.14; https://karlstorz-events.goodface.com.ua"
107.189.30.207 - - [08/Nov/2025:07:45:09 -0500] "POST /wp-login.php HTTP/1.1" 200 3366 "https://www.yahoo.com/" "Mozilla/5.0 (Windows NT 10.0; Win64; x64; rv:120.0) Gecko/20100101 Firefox/120.0"
185.156.42.209 - - [08/Nov/2025:07:52:37 -0500] "POST /wp-cron.php?doing_wp_cron=1762606357.6891219615936279296875 HTTP/1.1" 200 0 "https://karlstorz-events.goodface.com.ua/wp-cron.php?doing_wp_cron=1762606357.6891219615936279296875" "WordPress/5.7.14; https://karlstorz-events.goodface.com.ua"
37.27.51.131 - - [08/Nov/2025:07:52:37 -0500] "GET /robots.txt HTTP/1.1" 200 80 "-" "Mozilla/5.0 (compatible; BLEXBot/1.0; +https://help.seranking.com/en/blex-crawler)"
37.27.51.131 - - [08/Nov/2025:07:52:39 -0500] "GET /en HTTP/1.1" 301 0 "-" "Mozilla/5.0 (compatible; BLEXBot/1.0; +https://help.seranking.com/en/blex-crawler)"
37.27.51.131 - - [08/Nov/2025:07:52:43 -0500] "GET /en/events/ HTTP/1.1" 200 1770 "-" "Mozilla/5.0 (compatible; BLEXBot/1.0; +https://help.seranking.com/en/blex-crawler)"
37.27.51.131 - - [08/Nov/2025:07:52:47 -0500] "GET /en/contacts/ HTTP/1.1" 200 1763 "-" "Mozilla/5.0 (compatible; BLEXBot/1.0; +https://help.seranking.com/en/blex-crawler)"
37.27.51.131 - - [08/Nov/2025:07:52:51 -0500] "GET /en/about-the-center/ HTTP/1.1" 200 1770 "-" "Mozilla/5.0 (compatible; BLEXBot/1.0; +https://help.seranking.com/en/blex-crawler)"
185.156.42.209 - - [08/Nov/2025:07:52:55 -0500] "POST /wp-cron.php?doing_wp_cron=1762606375.6287820339202880859375 HTTP/1.1" 200 0 "https://karlstorz-events.goodface.com.ua/wp-cron.php?doing_wp_cron=1762606375.6287820339202880859375" "WordPress/5.7.14; https://karlstorz-events.goodface.com.ua"
37.27.51.131 - - [08/Nov/2025:07:52:55 -0500] "GET /en/news-and-announcements/ HTTP/1.1" 200 1782 "-" "Mozilla/5.0 (compatible; BLEXBot/1.0; +https://help.seranking.com/en/blex-crawler)"
185.156.42.209 - - [08/Nov/2025:08:01:04 -0500] "POST /wp-cron.php?doing_wp_cron=1762606864.4242150783538818359375 HTTP/1.1" 200 0 "https://karlstorz-events.goodface.com.ua/wp-cron.php?doing_wp_cron=1762606864.4242150783538818359375" "WordPress/5.7.14; https://karlstorz-events.goodface.com.ua"
107.189.5.134 - - [08/Nov/2025:08:01:04 -0500] "GET /wp-login.php HTTP/1.1" 200 2893 "https://www.google.com/" "Mozilla/5.0 (Windows NT 10.0; Win64; x64) AppleWebKit/537.36 (KHTML, like Gecko) Chrome/118.0.5993.117 Safari/537.36"
185.156.42.209 - - [08/Nov/2025:08:16:04 -0500] "POST /wp-cron.php?doing_wp_cron=1762607764.1674690246582031250000 HTTP/1.1" 200 0 "https://karlstorz-events.goodface.com.ua/wp-cron.php?doing_wp_cron=1762607764.1674690246582031250000" "WordPress/5.7.14; https://karlstorz-events.goodface.com.ua"
107.189.14.134 - - [08/Nov/2025:08:16:04 -0500] "GET /wp-login.php HTTP/1.1" 200 3212 "https://www.google.com/" "Mozilla/5.0 (Macintosh; Intel Mac OS X 10_15_7) AppleWebKit/605.1.15 (KHTML, like Gecko) Version/16.6 Safari/605.1.15"
107.189.14.134 - - [08/Nov/2025:08:16:05 -0500] "POST /wp-login.php HTTP/1.1" 200 3366 "https://www.google.com/" "Mozilla/5.0 (Macintosh; Intel Mac OS X 10_15_7) AppleWebKit/605.1.15 (KHTML, like Gecko) Version/16.6 Safari/605.1.15"
185.156.42.209 - - [08/Nov/2025:09:20:24 -0500] "POST /wp-cron.php?doing_wp_cron=1762611624.5018920898437500000000 HTTP/1.1" 200 0 "https://karlstorz-events.goodface.com.ua/wp-cron.php?doing_wp_cron=1762611624.5018920898437500000000" "WordPress/5.7.14; https://karlstorz-events.goodface.com.ua"
199.195.248.152 - - [08/Nov/2025:09:20:24 -0500] "GET /wp-login.php HTTP/1.1" 200 2893 "https://www.yahoo.com/" "Mozilla/5.0 (Macintosh; Intel Mac OS X 10_15_7) AppleWebKit/605.1.15 (KHTML, like Gecko) Version/16.6 Safari/605.1.15"
185.156.42.209 - - [08/Nov/2025:09:22:11 -0500] "POST /wp-cron.php?doing_wp_cron=1762611731.2419860363006591796875 HTTP/1.1" 200 0 "https://karlstorz-events.goodface.com.ua/wp-cron.php?doing_wp_cron=1762611731.2419860363006591796875" "WordPress/5.7.14; https://karlstorz-events.goodface.com.ua"
205.185.120.118 - - [08/Nov/2025:09:22:11 -0500] "GET /wp-login.php HTTP/1.1" 200 11472 "-" "Mozilla/5.0 (Windows NT 6.1; Trident/7.0; rv:11.0) like Gecko"
205.185.120.118 - - [08/Nov/2025:09:22:11 -0500] "POST /wp-login.php HTTP/1.1" 200 11991 "-" "Mozilla/5.0 (Windows NT 6.1; Trident/7.0; rv:11.0) like Gecko"
185.156.42.209 - - [08/Nov/2025:09:46:09 -0500] "POST /wp-cron.php?doing_wp_cron=1762613169.4630799293518066406250 HTTP/1.1" 200 0 "https://karlstorz-events.goodface.com.ua/wp-cron.php?doing_wp_cron=1762613169.4630799293518066406250" "WordPress/5.7.14; https://karlstorz-events.goodface.com.ua"
145.239.65.226 - - [08/Nov/2025:09:46:09 -0500] "GET /robots.txt HTTP/1.1" 200 78 "-" "Mozilla/5.0 (compatible; MJ12bot/v1.4.8; http://mj12bot.com/)"
152.53.133.166 - - [08/Nov/2025:09:46:26 -0500] "GET / HTTP/1.1" 200 6272 "-" "Mozilla/5.0 (X11; Linux x86_64) AppleWebKit/537.36 (KHTML, like Gecko) Chrome/131.0.0.0 Safari/537.36"
185.156.42.209 - - [08/Nov/2025:09:55:00 -0500] "POST /wp-cron.php?doing_wp_cron=1762613700.4765219688415527343750 HTTP/1.1" 200 0 "https://karlstorz-events.goodface.com.ua/wp-cron.php?doing_wp_cron=1762613700.4765219688415527343750" "WordPress/5.7.14; https://karlstorz-events.goodface.com.ua"
45.61.184.130 - - [08/Nov/2025:09:55:00 -0500] "GET /wp-login.php HTTP/1.1" 200 11472 "-" "Mozilla/5.0 (Macintosh; Intel Mac OS X 10_9_2) AppleWebKit/537.36 (KHTML, like Gecko) Chrome/36.0.1985.125 Safari/537.36"
205.210.31.253 - - [08/Nov/2025:09:55:23 -0500] "GET / HTTP/1.1" 200 6272 "-" "Hello from Palo Alto Networks, find out more about our scans in https://docs-cortex.paloaltonetworks.com/r/1/Cortex-Xpanse/Scanning-activity"
185.156.42.209 - - [08/Nov/2025:09:59:35 -0500] "POST /wp-cron.php?doing_wp_cron=1762613975.6968090534210205078125 HTTP/1.1" 200 0 "https://karlstorz-events.goodface.com.ua/wp-cron.php?doing_wp_cron=1762613975.6968090534210205078125" "WordPress/5.7.14; https://karlstorz-events.goodface.com.ua"
45.61.184.130 - - [08/Nov/2025:09:59:35 -0500] "POST /wp-login.php HTTP/1.1" 200 11991 "-" "Mozilla/5.0 (Macintosh; Intel Mac OS X 10_9_2) AppleWebKit/537.36 (KHTML, like Gecko) Chrome/36.0.1985.125 Safari/537.36"
185.156.42.209 - - [08/Nov/2025:10:05:20 -0500] "POST /wp-cron.php?doing_wp_cron=1762614320.9768059253692626953125 HTTP/1.1" 200 0 "https://karlstorz-events.goodface.com.ua/wp-cron.php?doing_wp_cron=1762614320.9768059253692626953125" "WordPress/5.7.14; https://karlstorz-events.goodface.com.ua"
107.189.1.5 - - [08/Nov/2025:10:05:21 -0500] "GET /wp-login.php HTTP/1.1" 200 2893 "https://www.yahoo.com/" "Mozilla/5.0 (Macintosh; Intel Mac OS X 10_15_7) AppleWebKit/605.1.15 (KHTML, like Gecko) Version/16.6 Safari/605.1.15"
185.156.42.209 - - [08/Nov/2025:10:09:44 -0500] "POST /wp-cron.php?doing_wp_cron=1762614584.3641169071197509765625 HTTP/1.1" 200 0 "https://karlstorz-events.goodface.com.ua/wp-cron.php?doing_wp_cron=1762614584.3641169071197509765625" "WordPress/5.7.14; https://karlstorz-events.goodface.com.ua"
107.189.14.208 - - [08/Nov/2025:10:09:44 -0500] "GET /wp-login.php HTTP/1.1" 200 11472 "-" "Mozilla/5.0 (Windows NT 6.1; rv:24.0) Gecko/20100101 Firefox/24.0"
107.189.14.208 - - [08/Nov/2025:10:09:45 -0500] "POST /wp-login.php HTTP/1.1" 200 11991 "-" "Mozilla/5.0 (Windows NT 6.1; rv:24.0) Gecko/20100101 Firefox/24.0"
145.239.65.226 - - [08/Nov/2025:10:32:13 -0500] "GET /ru/podiyi/nauchno-praktycheskyj-semynar-ostr%D1%8Bj-gematogenn%D1%8Bj-osteomyelyt/ HTTP/1.1" 301 0 "-" "Mozilla/5.0 (compatible; MJ12bot/v1.4.8; http://mj12bot.com/)"
145.239.65.226 - - [08/Nov/2025:10:32:21 -0500] "GET /ru/podiyi/nauchno-praktycheskyj-semynar-ostryj-gematogennyj-osteomyelyt/ HTTP/1.1" 200 1841 "-" "Mozilla/5.0 (compatible; MJ12bot/v1.4.8; http://mj12bot.com/)"
185.156.42.209 - - [08/Nov/2025:10:49:20 -0500] "POST /wp-cron.php?doing_wp_cron=1762616960.2915079593658447265625 HTTP/1.1" 200 0 "https://karlstorz-events.goodface.com.ua/wp-cron.php?doing_wp_cron=1762616960.2915079593658447265625" "WordPress/5.7.14; https://karlstorz-events.goodface.com.ua"
104.244.72.193 - - [08/Nov/2025:10:49:20 -0500] "GET /wp-login.php HTTP/1.1" 200 3212 "https://www.yahoo.com/" "Mozilla/5.0 (Windows NT 10.0; Win64; x64; rv:120.0) Gecko/20100101 Firefox/120.0"
104.244.72.193 - - [08/Nov/2025:10:49:24 -0500] "POST /wp-login.php HTTP/1.1" 200 3366 "https://www.yahoo.com/" "Mozilla/5.0 (Windows NT 10.0; Win64; x64; rv:120.0) Gecko/20100101 Firefox/120.0"
185.156.42.209 - - [08/Nov/2025:11:18:01 -0500] "POST /wp-cron.php?doing_wp_cron=1762618681.4812130928039550781250 HTTP/1.1" 200 0 "https://karlstorz-events.goodface.com.ua/wp-cron.php?doing_wp_cron=1762618681.4812130928039550781250" "WordPress/5.7.14; https://karlstorz-events.goodface.com.ua"
205.185.120.118 - - [08/Nov/2025:11:18:01 -0500] "GET /wp-login.php HTTP/1.1" 200 11472 "-" "Mozilla/5.0 (Windows NT 6.1; WOW64; rv:29.0) Gecko/20100101 Firefox/29.0"
205.185.120.118 - - [08/Nov/2025:11:18:05 -0500] "POST /wp-login.php HTTP/1.1" 200 11991 "-" "Mozilla/5.0 (Windows NT 6.1; WOW64; rv:29.0) Gecko/20100101 Firefox/29.0"
185.156.42.209 - - [08/Nov/2025:11:20:22 -0500] "POST /wp-cron.php?doing_wp_cron=1762618822.0369489192962646484375 HTTP/1.1" 200 0 "https://karlstorz-events.goodface.com.ua/wp-cron.php?doing_wp_cron=1762618822.0369489192962646484375" "WordPress/5.7.14; https://karlstorz-events.goodface.com.ua"
205.185.114.63 - - [08/Nov/2025:11:20:22 -0500] "GET /wp-login.php HTTP/1.1" 200 2893 "-" "Mozilla/5.0 (Macintosh; Intel Mac OS X 10.6; rv:31.0) Gecko/20100101 Firefox/31.0"